test common factor of h and b?
2
Suppose -2*z - 11 = -3. Let s be (-22)/(4*2/z). Calculate the highest common factor of s and 33.
11
Let m(z) = z - 4. Let g be m(7). Suppose 37 = g*w - 11. Calculate the greatest common factor of 32 and w.
16
Suppose 3*k = -v + 15, 4*k - 20 = -0*v + 2*v. Suppose -2*m - 3*c - 144 = -5*m, m - 5*c - 64 = v. Calculate the greatest common divisor of m and 4.
4
Let l be 10/(9/(-6) + 2). Calculate the greatest common factor of 30 and l.
10
Let y = -643 + 661. Let c be ((-45)/4)/((-1)/4). Calculate the highest common divisor of y and c.
9
Let l(j) = -2*j**3 - j**2 + j + 9. Let d be l(0). Suppose -1 = -v - 0*v. Let t be (v + 0)/((-1)/(-9)). What is the highest common factor of d and t?
9
Suppose 3*n = a + 15, -5*n - a + 4 = -13. Let k = 263 - 259. Calculate the highest common factor of n and k.
4
Let j be 2/1 + -2 - -2. Suppose -10 = -j*h - 3*x - 0*x, -3*h + 4*x = -32. What is the highest common divisor of 40 and h?
8
Let h(m) = -m**2 - 6*m - 4. Let y be h(-3). Suppose 5*j - y*c = -4*c + 70, 23 = j - 2*c. What is the greatest common factor of 13 and j?
13
Suppose 2*t + 371 - 1053 = 0. What is the highest common factor of t and 31?
31
Suppose -5*l + 3*i + 2 = 0, l + 4*i - 3 = 2. Let d = 17 - 10. Calculate the greatest common factor of l and d.
1
Let t(d) = -d**3 - 8*d**2 - 5*d + 1. Suppose 14 = -6*v + 4*v. Let x be t(v). Let j = x + 53. What is the greatest common factor of 10 and j?
10
Let j(i) = 5*i**3 + i**2 - i - 1. Let y be j(-1). Let q = 8 + y. Suppose -h + 4*u = 0, -q*h + 60 = -0*h - u. What is the highest common factor of h and 4?
4
Let i(u) = -u + 11. Let j be i(9). Let t be ((-1)/(-2) + 0)*j. Let h be 31 + 1*(t + 0). What is the greatest common divisor of h and 80?
16
Suppose -5*j = -5*r - 120, -34 = 4*r - 3*j + 58. Let a = 36 - r. What is the highest common factor of 14 and a?
14
Let o be ((-27)/(-12))/((-6)/(-48)). What is the greatest common divisor of o and 54?
18
Let b(r) = -6*r + 1. Let a be b(-1). Let f = 8 + -8. Suppose 3*d - v - 173 = 0, f*d - 87 = -2*d - 5*v. What is the greatest common factor of d and a?
7
Let h(z) = -z**2 - 13*z - 14. Let x be h(-10). Calculate the highest common divisor of x and 16.
16
Suppose -28 = 2*o - 3*o. Calculate the greatest common factor of 168 and o.
28
Let g(p) = -p - 5. Let f be g(-5). Suppose 3*i - 156 = -f*i. What is the greatest common factor of i and 130?
26
Let o = 242 - 53. Let f be 0 - (100 - (1 + -2)). Let r = o + f. What is the greatest common factor of 8 and r?
8
Let b be 4/1*(-15)/(-4). What is the greatest common divisor of b and 60?
15
Let d = 130 - 250. Let z = d + 219. Let y(i) = -i**2 - 28*i + 40. Let j be y(-29). What is the highest common factor of j and z?
11
Suppose -27 = -4*u + 477. Let m = 45 + -40. Suppose m*k - u = 4*k. Calculate the highest common divisor of k and 14.
14
Suppose -4*c + 65 = 5*s - 13, 0 = -3*c + 4*s + 43. What is the greatest common divisor of c and 119?
17
Suppose -396 = -b - 3*b. Calculate the highest common divisor of 9 and b.
9
Let b be 92/(-22) + (-4)/(-22). Let r be 4*1/(b/6). Let l be (-44)/(-3) - (-4)/r. Calculate the highest common divisor of l and 14.
14
Suppose 4*t - 48 = -0*t. What is the greatest common divisor of 48 and t?
12
Suppose -a + 4*a + 21 = 0. Let b be 30 - 0 - (-7 - a). What is the greatest common divisor of 15 and b?
15
Let c(g) = g**2 + 7*g - 42. Let y be c(-13). Calculate the highest common factor of y and 96.
12
Suppose -5*g = -a - 5, -2*a - g + 65 = a. Suppose -2 = f, -2*o + 3*f + a = -o. What is the greatest common factor of o and 21?
7
Suppose 0 = -2*l - 1 + 11. Let p = 8 + -5. Suppose -2*b - 45 = -p*b. Calculate the greatest common factor of b and l.
5
Let j be 2366/21 - (-6)/(-9). What is the greatest common divisor of j and 14?
14
Let l = -9 - -11. Suppose -2 - 24 = -n + 5*q, -l = q. Calculate the highest common divisor of n and 48.
16
Let o = 10 + -5. Suppose 2*w - 6*i - 125 = -i, o*w - 3*i - 303 = 0. What is the highest common factor of w and 12?
12
Suppose 2*z - 6 = 0, v = 2*z - 7*z + 35. Suppose 5*o - 25 = -5*m, -m - v = -4*m - 2*o. Suppose m*d - 60 = 5*d. What is the greatest common factor of d and 30?
6
Let t be (-76)/(-6) - 13/(-39). Calculate the greatest common divisor of 39 and t.
13
Suppose 3*c - 10 = -4. Suppose 0 = -z + t - 2, 3*z + 0*z = t + c. What is the greatest common divisor of z and 4?
2
Suppose 4*r - 40 = -0*r. Suppose -4*j - 34 + r = -a, 2*a - 20 = j. Calculate the highest common divisor of a and 1.
1
Let j = -506 + 586. Suppose -3*z + 75 = 27. Calculate the highest common factor of j and z.
16
Suppose -4*o - 10 = -54. Let u be (-398)/(-11) + (-2)/o. Calculate the greatest common factor of 4 and u.
4
Let y be 4/1 + 5/5. Suppose -60 = -y*i - 2*h, -2*i + 6 = -3*h + 1. What is the greatest common divisor of 2 and i?
2
Let z be (-1)/2 - 6/(-4). Let s be 3/(-2)*(-6 - 0). Let v = 17 - s. Calculate the greatest common divisor of z and v.
1
Let u(o) = 1 + o + 0*o**2 + 4*o**2 + o**2. Let c be u(-1). Suppose 2*k - 5*g - 90 = 0, 6*k - 3*k + 4*g = 135. Calculate the highest common divisor of c and k.
5
Suppose 6*s = 239 + 157. Calculate the greatest common divisor of 6 and s.
6
Suppose 36 = 2*t - g - 2*g, -g - 116 = -5*t. What is the greatest common factor of 16 and t?
8
Let j = -43 + 47. Suppose 4*h = -3 + 11. What is the greatest common factor of h and j?
2
Let b = 4 - 0. Let c(x) = x**2 - 4*x + 4. Let q be c(b). Suppose -2*p + 70 = 5*y, p + 2 = q*y - 67. Calculate the greatest common divisor of 24 and y.
8
Let a = -166 + 173. What is the highest common factor of a and 70?
7
Suppose -2*g - 4 + 12 = 0. Suppose -g*f + 16 = -0*f. Suppose 5*h - 16 = h. What is the greatest common factor of h and f?
4
Let p = -10 - -26. Let q be (-2 + -22)*4/(-3). What is the highest common divisor of q and p?
16
Suppose 0 = -2*v - g + 187, v - 4*g = -g + 83. Suppose -w - w = -v. Let o = w - 22. What is the greatest common divisor of o and 6?
6
Let k(v) be the third derivative of v**5/60 + 11*v**4/24 - v**3/6 - 2*v**2. Let n be k(-8). Let s = 29 - n. Calculate the greatest common divisor of s and 6.
6
Let u(a) = a - 13. Let v be u(9). Let q be v/10 - (-42)/5. What is the greatest common factor of q and 8?
8
Suppose -28 = 4*r - 0. Let q(t) = t**2 + 8*t + 10. Let y be q(r). Let x(w) = w**2 - 2*w - 3. Let h be x(6). Calculate the highest common divisor of h and y.
3
Suppose 3*s - 2 = 16. Let f = s + -5. Suppose -f = -t - 0. Calculate the highest common divisor of 1 and t.
1
Suppose 2*l - 52 = 24. Let d = l - -14. What is the highest common factor of d and 26?
26
Let u = -4 + 6. Suppose 0 = -u*z - q + 3, z + z - 2*q = 6. Let v = -121 - -125. Calculate the greatest common factor of v and z.
2
Let y = -4 + 7. Suppose -70 = -5*u + 3*h, -y*u - 4*h = -108 + 37. What is the highest common divisor of u and 136?
17
Let v = 37 - 28. What is the greatest common divisor of v and 18?
9
Suppose 0 = 2*i - 2, 0*i + 4*i = -2*x + 76. What is the greatest common factor of x and 3?
3
Suppose 2*d + 4*d = 54. Calculate the highest common divisor of d and 36.
9
Suppose 1 - 35 = -x. Calculate the highest common divisor of 85 and x.
17
Let z = 2 + 1. Suppose 688 = 5*x + l + 2*l, z*l = -3*x + 408. Suppose -5*d + 3*d = -40. Calculate the highest common factor of x and d.
20
Let d(r) = 5 + 8 + r - 4 + 2. Let o be d(-9). Let v(c) = 6*c + 4. Let m be v(3). Calculate the highest common divisor of o and m.
2
Let l = -38 + 86. What is the greatest common divisor of 6 and l?
6
Let m be 161/42 + (-1)/(-6). Suppose -3 - 13 = -m*h. Calculate the highest common factor of 20 and h.
4
Suppose 0*y = 5*y. Let z(q) = q**2 + 15. Let l be z(y). Calculate the greatest common factor of l and 3.
3
Suppose 4*u + 4 - 40 = 0. Let f be -1 + (-3)/(3*-1). Suppose l - 5*q = -11, -4*l + f*l + q + 32 = 0. Calculate the highest common divisor of l and u.
9
Suppose -5 = 3*w - 17. Calculate the highest common factor of 5 and w.
1
Let g = -10 + 46. Suppose s = -4*v + 16, -4*v - 3*s = v - 20. Suppose -p + 15 = w - 14, v*p = -5*w + 140. What is the greatest common factor of w and g?
12
Suppose 4*l - 3*w - 14 = 2*l, -4*w = -4*l + 24. Suppose -3*c = 2*c - 20. Calculate the greatest common divisor of c and l.
4
Let f be 2/6 - (-4)/(-12). Suppose f = -2*u + 3*k - 16, -4